
383
Calculate the highest common factor of 244985 and 15.
5
What is the highest common divisor of 187 and 359403?
11
What is the greatest common factor of 2013 and 3381840?
2013
What is the greatest common divisor of 69413 and 41?
41
What is the greatest common factor of 489 and 589245?
489
Calculate the greatest common divisor of 13197 and 83.
83
What is the highest common divisor of 12825 and 2295?
135
What is the greatest common factor of 129 and 342237?
129
Calculate the greatest common factor of 55544 and 33536.
1048
What is the highest common divisor of 99207 and 438?
219
What is the greatest common factor of 2611 and 10493?
7
What is the greatest common divisor of 53 and 2077335?
53
Calculate the highest common factor of 6167 and 1267.
7
Calculate the highest common factor of 16 and 214.
2
What is the greatest common factor of 3480 and 15747?
87
What is the highest common divisor of 35658 and 1414?
14
Calculate the greatest common divisor of 64 and 5000.
8
What is the greatest common factor of 121 and 122089?
121
Calculate the highest common divisor of 850 and 7350.
50
What is the greatest common divisor of 725 and 1675?
25
Calculate the greatest common factor of 196 and 49.
49
Calculate the highest common factor of 28575 and 2358.
9
What is the greatest common factor of 832 and 4672?
64
Calculate the highest common factor of 500820 and 1530.
510
Calculate the greatest common factor of 2278 and 1206.
134
What is the greatest common factor of 30 and 1912?
2
What is the highest common divisor of 748 and 136884?
748
Calculate the greatest common divisor of 564 and 183.
3
Calculate the highest common factor of 1914869 and 77.
11
Calculate the highest common divisor of 10010 and 85514.
286
What is the highest common factor of 60928 and 357?
119
Calculate the greatest common divisor of 152460 and 140.
140
Calculate the highest common divisor of 566464 and 64.
64
What is the highest common divisor of 312 and 16896?
24
What is the greatest common factor of 6392940 and 48?
12
Calculate the highest common divisor of 54225 and 144.
9
Calculate the greatest common divisor of 51579 and 297.
99
Calculate the highest common divisor of 5054 and 128212.
266
What is the greatest common factor of 225 and 319775?
25
Calculate the highest common factor of 351 and 426621.
39
Calculate the highest common divisor of 175 and 150325.
175
What is the greatest common factor of 432 and 51984?
144
What is the greatest common factor of 39 and 34411?
13
Calculate the highest common divisor of 16 and 3156.
4
Calculate the greatest common divisor of 2242606 and 2414.
2414
What is the highest common divisor of 2856 and 417384?
408
Calculate the highest common factor of 116551 and 377.
29
Calculate the highest common factor of 1215 and 245187.
243
Calculate the greatest common factor of 885 and 30.
15
What is the highest common divisor of 2451 and 18943?
19
Calculate the highest common divisor of 192 and 11928.
24
What is the greatest common factor of 50283 and 42129?
1359
What is the greatest common divisor of 16628722 and 1342?
1342
Calculate the greatest common divisor of 63555 and 5129.
223
Calculate the highest common factor of 1494 and 76526.
166
What is the highest common divisor of 91 and 7982?
13
Calculate the highest common factor of 4848 and 306636.
1212
What is the greatest common divisor of 31548 and 132?
132
Calculate the greatest common factor of 292836 and 2208.
276
What is the highest common factor of 338384 and 16?
16
Calculate the greatest common divisor of 37 and 269471.
37
Calculate the greatest common divisor of 207032 and 56.
56
What is the greatest common factor of 36144 and 5408?
16
Calculate the greatest common divisor of 4608 and 2448.
144
What is the greatest common factor of 8338 and 202386?
758
Calculate the highest common factor of 1074716 and 316.
316
What is the greatest common factor of 105 and 960?
15
What is the greatest common factor of 159 and 105629?
53
What is the greatest common factor of 12673 and 114?
19
What is the highest common factor of 414 and 95445?
9
Calculate the greatest common factor of 5400 and 210.
30
Calculate the greatest common factor of 468012 and 559.
43
What is the greatest common divisor of 5104 and 51975?
11
What is the greatest common factor of 51020 and 12140?
20
What is the highest common factor of 949140 and 45?
45
Calculate the highest common divisor of 30315 and 2967.
129
Calculate the highest common factor of 30 and 7150.
10
Calculate the greatest common divisor of 26 and 39611.
13
What is the highest common factor of 1569100 and 11700?
1300
What is the highest common divisor of 944 and 1652?
236
What is the greatest common factor of 7396 and 6880?
172
Calculate the greatest common factor of 68364 and 36292.
844
Calculate the greatest common divisor of 1255 and 4177895.
1255
Calculate the highest common divisor of 23610 and 330.
30
Calculate the greatest common divisor of 10000 and 560.
80
What is the highest common factor of 28 and 271026?
14
What is the highest common factor of 1116 and 183582?
558
Calculate the highest common factor of 18 and 38070.
18
What is the greatest common divisor of 19341 and 576?
9
What is the greatest common divisor of 5246 and 3311?
43
What is the highest common factor of 68 and 287606?
34
What is the greatest common divisor of 1386 and 21420?
126
What is the greatest common factor of 150 and 2206650?
150
Calculate the greatest common divisor of 36 and 26388.
36
Calculate the greatest common factor of 2520 and 1720.
40
Calculate the greatest common factor of 4 and 776740.
4
What is the highest common divisor of 13618 and 616?
22
What is the highest common factor of 6188 and 17612?
476
Calculate the greatest common factor of 30640 and 44428.
1532
Calculate the highest common factor of 112 and 1349852.
28
Calculate the highest common divisor of 157 and 87449.
157
What is the highest common factor of 50256 and 1296?
144
What is the greatest common factor of 6270 and 135?
15
What is the greatest common divisor of 18495 and 445?
5
Calculate the greatest common factor of 2408 and 1696436.
1204
Calculate the highest common divisor of 8730 and 43456.
194
What is the greatest common divisor of 12559 and 3990?
19
What is the greatest common divisor of 776791 and 202?
101
Calculate the highest common divisor of 2751 and 12576.
393
What is the greatest common divisor of 451 and 5621?
11
What is the greatest common factor of 13962 and 17823?
39
What is the greatest common divisor of 1160 and 9251580?
580
What is the greatest common divisor of 2964 and 67754?
38
Calculate the greatest common divisor of 94 and 15432262.
94
Calculate the highest common divisor of 14061 and 545.
109
What is the greatest common factor of 5128 and 4?
4
What is the greatest common divisor of 1 and 30073?
1
Calculate the greatest common divisor of 149602 and 393.
131
Calculate the highest common factor of 13985 and 4.
1
Calculate the greatest common divisor of 8150 and 652.
326
What is the greatest common divisor of 1218 and 191052?
174
What is the highest common divisor of 7719 and 2883?
93
Calculate the highest common factor of 1768826 and 29.
29
What is the highest common factor of 1235376 and 1840?
368
Calculate the greatest common divisor of 6430779 and 522.
261
Calculate the highest common divisor of 84425 and 297.
11
Calculate the highest common divisor of 748 and 157707.
11
What is the highest common divisor of 73612 and 1232?
308
Calculate the highest common factor of 1027339 and 1737.
193
What is the highest common divisor of 22 and 4800609?
11
What is the highest common factor of 162580 and 550?
110
What is the greatest common factor of 161 and 80017?
161
Calculate the highest common factor of 308498 and 1022.
146
Calculate the highest common divisor of 60 and 4431270.
30
Calculate the highest common divisor of 500 and 1260.
20
What is the greatest common factor of 1895 and 531?
1
Calculate the highest common factor of 53563 and 5.
1
What is the greatest common factor of 322 and 580727?
161
What is the highest common divisor of 338 and 34983?
169
Calculate the highest common factor of 15 and 230970.
15
Calculate the greatest common factor of 5823 and 681.
3
What is the highest common factor of